2?
100
Convert 43 (base 16) to base 5.
232
Convert 153 (base 13) to base 2.
11101101
What is -8 (base 9) in base 11?
-8
What is 111 (base 4) in base 3?
210
Convert -1022 (base 3) to base 15.
-25
Convert 0 (base 16) to base 6.
0
What is -61 (base 9) in base 14?
-3d
Convert 6 (base 10) to base 13.
6
What is -1045 (base 6) in base 9?
-302
Convert 0 (base 12) to base 11.
0
Convert 10 (base 2) to base 4.
2
1022 (base 4) to base 12
62
What is -1 (base 2) in base 3?
-1
What is -25 (base 6) in base 4?
-101
Convert 37 (base 14) to base 5.
144
Convert 140 (base 7) to base 6.
205
Convert -3 (base 14) to base 4.
-3
What is 25 (base 12) in base 8?
35
What is -53 (base 15) in base 16?
-4e
98 (base 14) to base 10
134
3 (base 6) to base 14
3
-77 (base 11) to base 14
-60
What is 6 (base 10) in base 12?
6
What is -2 (base 4) in base 13?
-2
72 (base 10) to base 12
60
13 (base 9) to base 6
20
100100 (base 2) to base 5
121
What is 5 (base 8) in base 3?
12
Convert 15 (base 16) to base 13.
18
What is -16 (base 10) in base 12?
-14
Convert 6 (base 11) to base 15.
6
Convert 102 (base 6) to base 3.
1102
-5 (base 10) to base 16
-5
-4 (base 9) to base 10
-4
What is -176 (base 8) in base 14?
-90
103 (base 6) to base 10
39
Convert -3c (base 14) to base 6.
-130
7 (base 15) to base 13
7
What is -7 (base 14) in base 11?
-7
What is -1102 (base 5) in base 12?
-108
10111 (base 2) to base 9
25
What is -2d (base 16) in base 5?
-140
Convert 12 (base 10) to base 12.
10
-6 (base 7) to base 11
-6
What is 70 (base 8) in base 6?
132
1 (base 4) to base 11
1
Convert -4 (base 10) to base 16.
-4
What is 1 (base 6) in base 15?
1
Convert -19 (base 15) to base 12.
-20
What is 13 (base 7) in base 12?
a
Convert -352 (base 7) to base 5.
-1214
Convert 522 (base 7) to base 5.
2021
-6 (base 11) to base 15
-6
14 (base 12) to base 16
10
What is 21 (base 3) in base 7?
10
Convert 1 (base 10) to base 9.
1
What is 418 (base 10) in base 4?
12202
13 (base 14) to base 16
11
-10 (base 6) to base 7
-6
Convert -8 (base 10) to base 5.
-13
What is 112 (base 8) in base 6?
202
Convert -17 (base 14) to base 11.
-1a
11 (base 6) to base 11
7
1 (base 7) to base 2
1
Convert 11a (base 14) to base 15.
ea
Convert 18 (base 16) to base 15.
19
-4 (base 16) to base 2
-100
67 (base 15) to base 11
89
0 (base 16) to base 4
0
11 (base 2) to base 11
3
110 (base 10) to base 4
1232
Convert 3 (base 13) to base 5.
3
20 (base 7) to base 11
13
Convert 0 (base 13) to base 2.
0
What is -10 (base 3) in base 9?
-3
-19 (base 14) to base 10
-23
-10 (base 2) to base 5
-2
-89 (base 10) to base 11
-81
24 (base 8) to base 16
14
What is 1001 (base 3) in base 13?
22
Convert -7 (base 16) to base 6.
-11
What is -30 (base 4) in base 5?
-22
Convert -10 (base 2) to base 12.
-2
What is 110001 (base 2) in base 6?
121
Convert -a (base 14) to base 11.
-a
11 (base 13) to base 10
14
-4 (base 7) to base 14
-4
What is -100000 (base 3) in base 13?
-159
What is 211 (base 3) in base 14?
18
What is -234 (base 7) in base 2?
-1111011
Convert -1000 (base 2) to base 13.
-8
Convert 3 (base 13) to base 8.
3
129 (base 16) to base 9
360
What is 100 (base 2) in base 6?
4
1 (base 5) to base 7
1
What is -47 (base 9) in base 16?
-2b
What is 28 (base 13) in base 14?
26
What is -4 (base 15) in base 3?
-11
Convert -35 (base 7) to base 15.
-1b
-15 (base 8) to base 11
-12
Convert -20 (base 8) to base 7.
-22
What is 44 (base 15) in base 5?
224
-111001 (base 2) to base 10
-57
-4 (base 7) to base 10
-4
What is 1 (base 9) in base 8?
1
Convert -1 (base 8) to base 9.
-1
Convert -33 (base 7) to base 4.
-120
-10 (base 4) to base 2
-100
Convert -74 (base 9) to base 2.
-1000011
Convert -83 (base 14) to base 9.
-137
1010 (base 2) to base 4
22
What is -118 (base 11) in base 9?
-165
Convert 132 (base 10) to base 12.
b0
Convert -23 (base 16) to base 9.
-38
-252 (base 7) to base 5
-1020
4 (base 11) to base 3
11
Convert 2a (base 15) to base 13.
31
Convert 5 (base 15) to base 11.
5
Convert -56 (base 7) to base 3.
-1112
What is 12 (base 5) in base 14?
7
Convert 0 (base 16) to base 7.
0
-5 (base 12) to base 7
-5
What is -96 (base 13) in base 7?
-234
Convert 3 (base 12) to base 15.
3
-1 (base 8) to base 5
-1
Convert -3 (base 14) to base 6.
-3
What is 24 (base 14) in base 3?
1012
3 (base 6) to base 8
3
-73 (base 8) to base 3
-2012
Convert 7 (base 15) to base 4.
13
What is -8 (base 11) in base 6?
-12
Convert 30 (base 7) to base 11.
1a
What is 62 (base 14) in base 15?
5b
What is 4 (base 5) in base 14?
4
-13 (base 9) to base 6
-20
What is 17 (base 8) in base 2?
1111
-1 (base 15) to base 2
-1
1001111 (base 2) to base 6
211
35 (base 6) to base 13
1a
Convert -4 (base 14) to base 3.
-11
What is -2 (base 14) in base 2?
-10
Convert 5 (base 11) to base 9.
5
-70 (base 8) to base 14
-40
Convert 7 (base 13) to base 2.
111
11 (base 4) to base 11
5
What is 1 (base 16) in base 8?
1
27 (base 13) to base 3
1020
What is 103 (base 4) in base 3?
201
-142 (base 10) to base 7
-262
Convert -c (base 14) to base 4.
-30
241 (base 5) to base 3
2122
Convert -2 (base 11) to base 12.
-2
Convert 0 (base 14) to base 6.
0
Convert 0 (base 4) to base 13.
0
Convert 14 (base 10) to base 15.
e
What is 1 (base 10) in base 14?
1
What is a7 (base 15) in base 6?
421
-8 (base 12) to base 8
-10
What is -4 (base 15) in base 11?
-4
-13 (base 12) to base 11
-14
Convert -1 (base 11) to base 2.
-1
Convert 4 (base 14) to base 3.
11
322 (base 4) to base 10
58
0 (base 13) to base 8
0
Convert 0 (base 9) to base 7.
0
Convert -142 (base 9) to base 2.
-1110111
What is -12 (base 9) in base 14?
-b
Convert 4 (base 8) to base 15.
4
Convert -10100 (base 3) to base 8.
-132
-14 (base 12) to base 11
-15
-401 (base 5) to base 3
-10202
What is -19 (base 10) in base 11?
-18
Convert -12 (base 8) to base 15.
-a
What is 3 (base 6) in base 7?
3
-21 (base 3) to base 15
-7
What is -41 (base 9) in base 3?
-1101
What is -50 (base 11) in base 13?
-43
Convert -4 (base 10) to base 2.
-100
Convert -9 (base 13) to base 10.
-9
1100 (base 2) to base 12
10
0 (base 7) to base 4
0
Convert a3 (base 13) to base 3.
11221
Convert -443 (base 8) to base 4.
-10203
Convert -28 (base 13) to base 9.
-37
What is 9 (base 10) in base 8?
11
Convert 0 (base 15) to base 11.
0
Convert -4 (base 16) to base 15.
-4
6 (base 12) to base 6
10
334 (base 6) to base 14
94
Convert -1 (base 8) to base 12.
-1
What is -24 (base 5) in base 2?
-1110
105 (base 12) to base 4
2111
Convert -23 (base 6) to base 3.
-120
104 (base 11) to base 2
1111101
Convert -12 (base 12) to base 10.
-14
What is 21 (base 5) in base 10?
11
Convert 11a (base 11) to base 4.
2032
0 (base 10) to base 13
0
Convert 1 (base 16) to base 4.
1
44 (base 7) to base 8
40
1c (base 15) to base 2
11011
-1010 (base 2) to base 11
-a
-40 (base 6) to base 7
-33
Convert -8 (base 16) to base 14.
-8
-7 (base 14) to base 7
-10
9 (base 15) to base 7
12
14 (base 8) to base 13
c
Convert -26 (base 13) to base 9.
-35
Convert -102 (base 6) to base 12.
-32
18 (base 9) to base 5
32
What is -41 (base 8) in base 13?
-27
Convert -13 (base 6) to base 7.
-12
What is -4 (base 10) in base 15?
-4
What is 11110011 (base 2) in base 8?
363
2 (base 10) to base 13
2
b6 (base 15) to base 6
443
Convert 2 (base 3) to base 4.
2
Convert 152 (base 12) to base 3.
21122
What is 21 (base 5) in base 14?
b
What is 1a (base 15) in base 10?
25
What is -2 (base 7) in base 4?
-2
-332 (base 5) to base 3
-10102
What is -51 (base 8) in base 14?
-2d
-1a2 (base 13) to base 6
-1221
-139 (base 12) to base 8
-275
What is -120 (base 4) in base 5?
-44
Convert -2 (base 9) to base 8.
-2
Convert 4 (base 15) to base 8.
4
Convert -11 (base 5) to base 4.
-12
What is -105 (base 7) in base 3?
-2000
What is -7 (base 10) in base 8?
-7
100 (base 2) to base 9
4
What is 29 (base 13) in base 9?
38
24 (base 9) to base 13
19
Convert -6 (base 9) to base 11.
-6
Convert -330 (base 4) to base 2.
-111100
Convert 1c (base 14) to base 12.
22
What is -63 (base 15) in base 8?
-135
-31 (base 8) to base 2
-11001
1 (base 5) to base 13
1
What is -10 (base 2) in base 12?
-2
What is -5 (base 6) in base 16?
-5
-1 (base 15) to base 10
-1
What is 44 (base 7) in base 2?
100000
Convert -15 (base 14) to base 5.
-34
-2f (base 16) to base 9
-52
What is -79 (base 10) in base 16?
-4f
Convert 20 (base 3) to base 16.
6
Convert 16 (base 7) to base 3